{"id":100,"date":"2010-09-23T10:34:57","date_gmt":"2010-09-23T10:34:57","guid":{"rendered":"http:\/\/vefir.hi.is\/kor\/?page_id=100"},"modified":"2024-11-21T13:31:31","modified_gmt":"2024-11-21T13:31:31","slug":"english","status":"publish","type":"page","link":"https:\/\/kor.hi.is\/?page_id=100","title":{"rendered":"About the Choir"},"content":{"rendered":"\n<h2 class=\"wp-block-heading\">The choir<\/h2>\n\n\n\n<figure class=\"wp-block-image size-large\"><a href=\"https:\/\/kor.hi.is\/wp-content\/uploads\/2024\/11\/Haskolakorinn24-scaled.jpg\"><img loading=\"lazy\" decoding=\"async\" width=\"1024\" height=\"667\" src=\"https:\/\/kor.hi.is\/wp-content\/uploads\/2024\/11\/Haskolakorinn24-1024x667.jpg\" alt=\"\" class=\"wp-image-1342\" srcset=\"https:\/\/kor.hi.is\/wp-content\/uploads\/2024\/11\/Haskolakorinn24-1024x667.jpg 1024w, https:\/\/kor.hi.is\/wp-content\/uploads\/2024\/11\/Haskolakorinn24-300x196.jpg 300w, https:\/\/kor.hi.is\/wp-content\/uploads\/2024\/11\/Haskolakorinn24-768x501.jpg 768w, https:\/\/kor.hi.is\/wp-content\/uploads\/2024\/11\/Haskolakorinn24-1536x1001.jpg 1536w, https:\/\/kor.hi.is\/wp-content\/uploads\/2024\/11\/Haskolakorinn24-2048x1335.jpg 2048w\" sizes=\"auto, (max-width: 767px) 89vw, (max-width: 1000px) 54vw, (max-width: 1071px) 543px, 580px\" \/><\/a><\/figure>\n\n\n\n<p>The University Choir of Iceland (H\u00e1sk\u00f3lak\u00f3rinn) was founded in 1972 and recently celebrated its 50-year anniversary in 2022. The choir normally consists of around 70&nbsp;singers, most of whom are students at the University of Iceland, Reykjav\u00edk&nbsp;University, or the Iceland Academy of the Arts. Every year foreign exchange students in Iceland participate in the choir&nbsp;as well. The choir often performs in important ceremonies and special occasions on campus, such as graduations, in addition to its own independent concerts in which it performs every semester. The University Choir organizes annual trips at the end of the academic year, both within Iceland and abroad, in order to perform at concerts and participate in choral festivals and competitions, having won several prizes and awards at such events over the years. The choir has released a number of records and CDs of Icelandic music, and recently commissioned the work The Time is Now by composer B\u00e1ra Gr\u00edmsd\u00f3ttir in honor of its 50th anniversary, which it debuted together with the Icelandic Youth Symphony Orchestra on March 26, 2022.<\/p>\n\n\n\n<h2 class=\"wp-block-heading\">The conductor<\/h2>\n\n\n\n<figure class=\"wp-block-image size-full is-resized\"><a href=\"https:\/\/kor.hi.is\/wp-content\/uploads\/2024\/08\/cropped-Gunnsteinn-Olafsson-mynd-jon-gudmundsson.jpg\"><img loading=\"lazy\" decoding=\"async\" width=\"920\" height=\"604\" src=\"https:\/\/kor.hi.is\/wp-content\/uploads\/2024\/08\/cropped-Gunnsteinn-Olafsson-mynd-jon-gudmundsson.jpg\" alt=\"\" class=\"wp-image-1283\" style=\"width:383px;height:auto\" srcset=\"https:\/\/kor.hi.is\/wp-content\/uploads\/2024\/08\/cropped-Gunnsteinn-Olafsson-mynd-jon-gudmundsson.jpg 920w, https:\/\/kor.hi.is\/wp-content\/uploads\/2024\/08\/cropped-Gunnsteinn-Olafsson-mynd-jon-gudmundsson-300x197.jpg 300w, https:\/\/kor.hi.is\/wp-content\/uploads\/2024\/08\/cropped-Gunnsteinn-Olafsson-mynd-jon-gudmundsson-768x504.jpg 768w\" sizes=\"auto, (max-width: 767px) 89vw, (max-width: 1000px) 54vw, (max-width: 1071px) 543px, 580px\" \/><\/a><\/figure>\n\n\n\n<p>Gunnsteinn \u00d3lafsson has conducted the University Choir of Iceland (H\u00e1sk\u00f3lak\u00f3rinn) since 2007. He was born in Siglufj\u00f6r\u00f0ur in northern Iceland in 1962, but grew up in K\u00f3pavogur, where he conducted K\u00f3pavogur Upper Secondary School\u2019s choir from 1979\u20131983 and composed many pieces for the choir under the direction of Reykjav\u00edk College of Music professor J\u00f3n \u00c1sgeirsson. Gunnsteinn subsequently continued his studies at the Franz Liszt Academy of Music in Budapest, Hungary from 1983\u20131987 and went on to study conducting and musicology at the Freiburg Conservatory in Germany from 1988\u20131992. Since finishing his studies, Gunnsteinn has worked as a composer, a choral and orchestral conductor, and a music teacher at the Iceland University of the Arts and the Reykjav\u00edk College of Music. He has additionally served as artistic director for the Siglufj\u00f6r\u00f0ur Folk Music Festival since 2000, and collected numerous Icelandic folk songs for the Rev. Bjarni \u00deorsteinsson Folk Music Center in Siglufj\u00f6r\u00f0ur. He is as well author of some children\u2019s books and books about Icelandic nature.&nbsp;<\/p>\n\n\n\n<h2 class=\"wp-block-heading\">Info<\/h2>\n\n\n\n<p><span style=\"caret-color: rgb(0, 0, 0); color: rgb(0, 0, 0); font-size: revert; white-space: normal;\">The choir practices Tuesdays and Thursdays in Neskirkja from 17:15 until 19:30<\/span>.<\/p>\n\n\n\n<p><em><strong>If you have any questions regarding the choir or its auditions and activities don&#8217;t hesitate to contact us at kor@hi.is.<\/strong><\/em><\/p>\n\n\n\n<p><\/p>\n","protected":false},"excerpt":{"rendered":"<p>The choir The University Choir of Iceland (H\u00e1sk\u00f3lak\u00f3rinn) was founded in 1972 and recently celebrated its 50-year anniversary in 2022. The choir normally consists of around 70&nbsp;singers, most of whom are students at the University of Iceland, Reykjav\u00edk&nbsp;University, or the Iceland Academy of the Arts. Every year foreign exchange students in Iceland participate in the &hellip; <\/p>\n<p class=\"link-more\"><a href=\"https:\/\/kor.hi.is\/?page_id=100\" class=\"more-link\">Lesa \u00e1fram<span class=\"screen-reader-text\"> &#8222;About the Choir&#8220;<\/span><\/a><\/p>\n","protected":false},"author":84,"featured_media":0,"parent":0,"menu_order":10,"comment_status":"closed","ping_status":"closed","template":"","meta":{"footnotes":""},"class_list":["post-100","page","type-page","status-publish","hentry"],"_links":{"self":[{"href":"https:\/\/kor.hi.is\/index.php?rest_route=\/wp\/v2\/pages\/100","targetHints":{"allow":["GET"]}}],"collection":[{"href":"https:\/\/kor.hi.is\/index.php?rest_route=\/wp\/v2\/pages"}],"about":[{"href":"https:\/\/kor.hi.is\/index.php?rest_route=\/wp\/v2\/types\/page"}],"author":[{"embeddable":true,"href":"https:\/\/kor.hi.is\/index.php?rest_route=\/wp\/v2\/users\/84"}],"replies":[{"embeddable":true,"href":"https:\/\/kor.hi.is\/index.php?rest_route=%2Fwp%2Fv2%2Fcomments&post=100"}],"version-history":[{"count":41,"href":"https:\/\/kor.hi.is\/index.php?rest_route=\/wp\/v2\/pages\/100\/revisions"}],"predecessor-version":[{"id":1343,"href":"https:\/\/kor.hi.is\/index.php?rest_route=\/wp\/v2\/pages\/100\/revisions\/1343"}],"wp:attachment":[{"href":"https:\/\/kor.hi.is\/index.php?rest_route=%2Fwp%2Fv2%2Fmedia&parent=100"}],"curies":[{"name":"wp","href":"https:\/\/api.w.org\/{rel}","templated":true}]}}

<h2 class="wp-block-heading">The choir</h2>



<figure class="wp-block-image size-large"><a href="https://kor.hi.is/wp-content/uploads/2024/11/Haskolakorinn24-scaled.jpg"><img loading="lazy" decoding="async" width="1024" height="667" src="https://kor.hi.is/wp-content/uploads/2024/11/Haskolakorinn24-1024x667.jpg" alt="" class="wp-image-1342" srcset="https://kor.hi.is/wp-content/uploads/2024/11/Haskolakorinn24-1024x667.jpg 1024w, https://kor.hi.is/wp-content/uploads/2024/11/Haskolakorinn24-300x196.jpg 300w, https://kor.hi.is/wp-content/uploads/2024/11/Haskolakorinn24-768x501.jpg 768w, https://kor.hi.is/wp-content/uploads/2024/11/Haskolakorinn24-1536x1001.jpg 1536w, https://kor.hi.is/wp-content/uploads/2024/11/Haskolakorinn24-2048x1335.jpg 2048w" sizes="auto, (max-width: 767px) 89vw, (max-width: 1000px) 54vw, (max-width: 1071px) 543px, 580px" /></a></figure>



<p>The University Choir of Iceland (Háskólakórinn) was founded in 1972 and recently celebrated its 50-year anniversary in 2022. The choir normally consists of around 70&nbsp;singers, most of whom are students at the University of Iceland, Reykjavík&nbsp;University, or the Iceland Academy of the Arts. Every year foreign exchange students in Iceland participate in the choir&nbsp;as well. The choir often performs in important ceremonies and special occasions on campus, such as graduations, in addition to its own independent concerts in which it performs every semester. The University Choir organizes annual trips at the end of the academic year, both within Iceland and abroad, in order to perform at concerts and participate in choral festivals and competitions, having won several prizes and awards at such events over the years. The choir has released a number of records and CDs of Icelandic music, and recently commissioned the work The Time is Now by composer Bára Grímsdóttir in honor of its 50th anniversary, which it debuted together with the Icelandic Youth Symphony Orchestra on March 26, 2022.</p>



<h2 class="wp-block-heading">The conductor</h2>



<figure class="wp-block-image size-full is-resized"><a href="https://kor.hi.is/wp-content/uploads/2024/08/cropped-Gunnsteinn-Olafsson-mynd-jon-gudmundsson.jpg"><img loading="lazy" decoding="async" width="920" height="604" src="https://kor.hi.is/wp-content/uploads/2024/08/cropped-Gunnsteinn-Olafsson-mynd-jon-gudmundsson.jpg" alt="" class="wp-image-1283" style="width:383px;height:auto" srcset="https://kor.hi.is/wp-content/uploads/2024/08/cropped-Gunnsteinn-Olafsson-mynd-jon-gudmundsson.jpg 920w, https://kor.hi.is/wp-content/uploads/2024/08/cropped-Gunnsteinn-Olafsson-mynd-jon-gudmundsson-300x197.jpg 300w, https://kor.hi.is/wp-content/uploads/2024/08/cropped-Gunnsteinn-Olafsson-mynd-jon-gudmundsson-768x504.jpg 768w" sizes="auto, (max-width: 767px) 89vw, (max-width: 1000px) 54vw, (max-width: 1071px) 543px, 580px" /></a></figure>



<p>Gunnsteinn Ólafsson has conducted the University Choir of Iceland (Háskólakórinn) since 2007. He was born in Siglufjörður in northern Iceland in 1962, but grew up in Kópavogur, where he conducted Kópavogur Upper Secondary School’s choir from 1979–1983 and composed many pieces for the choir under the direction of Reykjavík College of Music professor Jón Ásgeirsson. Gunnsteinn subsequently continued his studies at the Franz Liszt Academy of Music in Budapest, Hungary from 1983–1987 and went on to study conducting and musicology at the Freiburg Conservatory in Germany from 1988–1992. Since finishing his studies, Gunnsteinn has worked as a composer, a choral and orchestral conductor, and a music teacher at the Iceland University of the Arts and the Reykjavík College of Music. He has additionally served as artistic director for the Siglufjörður Folk Music Festival since 2000, and collected numerous Icelandic folk songs for the Rev. Bjarni Þorsteinsson Folk Music Center in Siglufjörður. He is as well author of some children’s books and books about Icelandic nature.&nbsp;</p>



<h2 class="wp-block-heading">Info</h2>



<p><span style="caret-color: rgb(0, 0, 0); color: rgb(0, 0, 0); font-size: revert; white-space: normal;">The choir practices Tuesdays and Thursdays in Neskirkja from 17:15 until 19:30</span>.</p>



<p><em><strong>If you have any questions regarding the choir or its auditions and activities don&#8217;t hesitate to contact us at kor@hi.is.</strong></em></p>



<p></p>

<p>The choir The University Choir of Iceland (Háskólakórinn) was founded in 1972 and recently celebrated its 50-year anniversary in 2022. The choir normally consists of around 70&nbsp;singers, most of whom are students at the University of Iceland, Reykjavík&nbsp;University, or the Iceland Academy of the Arts. Every year foreign exchange students in Iceland participate in the &hellip; </p>
<p class="link-more"><a href="https://kor.hi.is/?page_id=100" class="more-link">Lesa áfram<span class="screen-reader-text"> &#8222;About the Choir&#8220;</span></a></p>
